{"id":555,"date":"2025-06-04T16:15:15","date_gmt":"2025-06-04T16:15:15","guid":{"rendered":"https:\/\/www.romanaairport.com\/?page_id=555"},"modified":"2025-06-26T18:08:10","modified_gmt":"2025-06-26T18:08:10","slug":"altos-de-chavon","status":"publish","type":"page","link":"https:\/\/www.romanaairport.com\/es\/altos-de-chavon\/","title":{"rendered":"Altos de Chav\u00f3n"},"content":{"rendered":"<style type=\"text\/css\" data-created_by=\"avia_inline_auto\" id=\"style-css-av-8sqfn-45415c4dc336449532f708ce2ff398e3\">\n#top .flex_column.av-8sqfn-45415c4dc336449532f708ce2ff398e3{\nmargin-top:0px;\nmargin-bottom:0px;\n}\n.flex_column.av-8sqfn-45415c4dc336449532f708ce2ff398e3{\nborder-radius:0px 0px 0px 0px;\npadding:0px 0px 0px 0px;\n}\n.responsive #top #wrap_all .flex_column.av-8sqfn-45415c4dc336449532f708ce2ff398e3{\nmargin-top:0px;\nmargin-bottom:0px;\n}\n<\/style>\n<div  class='flex_column av-8sqfn-45415c4dc336449532f708ce2ff398e3 av_one_full  avia-builder-el-0  avia-builder-el-no-sibling  first flex_column_div av-animated-generic bottom-to-top av-zero-column-padding'     ><p><div  class='avia-slideshow av-mc2ihedy-b54534d37f206de9703b9da483c84a07 avia-slideshow-featured_large av_slideshow avia-slide-slider  avia-builder-el-1  el_before_av_heading  avia-builder-el-first  av-slideshow-ui av-control-default av-slideshow-manual av-loop-once av-loop-manual-endless av-default-height-applied avia-slideshow-1' data-slideshow-options=\"{&quot;animation&quot;:&quot;slide&quot;,&quot;autoplay&quot;:false,&quot;loop_autoplay&quot;:&quot;once&quot;,&quot;interval&quot;:5,&quot;loop_manual&quot;:&quot;manual-endless&quot;,&quot;autoplay_stopper&quot;:false,&quot;noNavigation&quot;:false,&quot;bg_slider&quot;:false,&quot;keep_padding&quot;:false,&quot;hoverpause&quot;:false,&quot;show_slide_delay&quot;:0}\"  itemprop=\"image\" itemscope=\"itemscope\" itemtype=\"https:\/\/schema.org\/ImageObject\" ><ul class='avia-slideshow-inner' style='padding-bottom: 42%;'><li  class='avia-slideshow-slide av-mc2ihedy-b54534d37f206de9703b9da483c84a07__0  slide-1 slide-odd'><div data-rel='slideshow-1' class='avia-slide-wrap'   ><img decoding=\"async\" fetchpriority=\"high\" class=\"wp-image-694 avia-img-lazy-loading-not-694\"  src=\"https:\/\/www.romanaairport.com\/wp-content\/uploads\/2025\/06\/Altos-de-Chavon-3-1500x630.jpg\" width=\"1500\" height=\"630\" title='Altos de Chavon (3)' alt=''  itemprop=\"thumbnailUrl\"   \/><\/div><\/li><li  class='avia-slideshow-slide av-mc2ihedy-b54534d37f206de9703b9da483c84a07__1  slide-2 slide-even'><div data-rel='slideshow-1' class='avia-slide-wrap'   ><img decoding=\"async\" fetchpriority=\"high\" class=\"wp-image-692 avia-img-lazy-loading-not-692\"  src=\"https:\/\/www.romanaairport.com\/wp-content\/uploads\/2025\/06\/Altos-de-Chavon-1-1500x630.jpg\" width=\"1500\" height=\"630\" title='Altos de Chavon (1)' alt=''  itemprop=\"thumbnailUrl\"   \/><\/div><\/li><li  class='avia-slideshow-slide av-mc2ihedy-b54534d37f206de9703b9da483c84a07__2  slide-3 slide-odd'><div data-rel='slideshow-1' class='avia-slide-wrap'   ><img decoding=\"async\" fetchpriority=\"high\" class=\"wp-image-693 avia-img-lazy-loading-not-693\"  src=\"https:\/\/www.romanaairport.com\/wp-content\/uploads\/2025\/06\/Altos-de-Chavon-2-1500x630.jpg\" width=\"1500\" height=\"630\" title='OLYMPUS DIGITAL CAMERA' alt=''  itemprop=\"thumbnailUrl\"   \/><\/div><\/li><\/ul><div class='avia-slideshow-arrows avia-slideshow-controls' ><a href='#prev' class='prev-slide  avia-svg-icon avia-font-svg_entypo-fontello' data-av_svg_icon='left-open-big' data-av_iconset='svg_entypo-fontello' tabindex='-1' title=\"Previous\"><svg version=\"1.1\" xmlns=\"http:\/\/www.w3.org\/2000\/svg\" width=\"15\" height=\"32\" viewbox=\"0 0 15 32\" preserveaspectratio=\"xMidYMid meet\" aria-labelledby='av-svg-title-1' aria-describedby='av-svg-desc-1' role=\"graphics-symbol\" aria-hidden=\"true\">\n<title id='av-svg-title-1'>Previous<\/title>\n<desc id='av-svg-desc-1'>Previous<\/desc>\n<path d=\"M14.464 27.84q0.832 0.832 0 1.536-0.832 0.832-1.536 0l-12.544-12.608q-0.768-0.768 0-1.6l12.544-12.608q0.704-0.832 1.536 0 0.832 0.704 0 1.536l-11.456 11.904z\"><\/path>\n<\/svg><span class='avia_hidden_link_text'>Previous<\/span><\/a><a href='#next' class='next-slide  avia-svg-icon avia-font-svg_entypo-fontello' data-av_svg_icon='right-open-big' data-av_iconset='svg_entypo-fontello' tabindex='-1' title=\"Next\"><svg version=\"1.1\" xmlns=\"http:\/\/www.w3.org\/2000\/svg\" width=\"15\" height=\"32\" viewbox=\"0 0 15 32\" preserveaspectratio=\"xMidYMid meet\" aria-labelledby='av-svg-title-2' aria-describedby='av-svg-desc-2' role=\"graphics-symbol\" aria-hidden=\"true\">\n<title id='av-svg-title-2'>Next<\/title>\n<desc id='av-svg-desc-2'>Next<\/desc>\n<path d=\"M0.416 27.84l11.456-11.84-11.456-11.904q-0.832-0.832 0-1.536 0.832-0.832 1.536 0l12.544 12.608q0.768 0.832 0 1.6l-12.544 12.608q-0.704 0.832-1.536 0-0.832-0.704 0-1.536z\"><\/path>\n<\/svg><span class='avia_hidden_link_text'>Next<\/span><\/a><\/div><div class='avia-slideshow-dots avia-slideshow-controls'><a href='#1' class='goto-slide active' >1<\/a><a href='#2' class='goto-slide' >2<\/a><a href='#3' class='goto-slide' >3<\/a><\/div><\/div><br \/>\n\n<style type=\"text\/css\" data-created_by=\"avia_inline_auto\" id=\"style-css-av-mbi5c5he-7759457953b5a6dbd5cbe599e6df9649\">\n#top .av-special-heading.av-mbi5c5he-7759457953b5a6dbd5cbe599e6df9649{\npadding-bottom:0;\n}\nbody .av-special-heading.av-mbi5c5he-7759457953b5a6dbd5cbe599e6df9649 .av-special-heading-tag .heading-char{\nfont-size:25px;\n}\n.av-special-heading.av-mbi5c5he-7759457953b5a6dbd5cbe599e6df9649 .av-subheading{\nfont-size:15px;\n}\n<\/style>\n<div  class='av-special-heading av-mbi5c5he-7759457953b5a6dbd5cbe599e6df9649 av-special-heading-h4 blockquote modern-quote  avia-builder-el-2  el_after_av_slideshow  el_before_av_textblock  av-thin-font'><h4 class='av-special-heading-tag'  itemprop=\"headline\"  ><strong>ALTOS DE CHAV\u00d3N<\/strong><\/h4><div class=\"special-heading-border\"><div class=\"special-heading-inner-border\"><\/div><\/div><\/div><br \/>\n\n<style type=\"text\/css\" data-created_by=\"avia_inline_auto\" id=\"style-css-av-mbi5d7db-0f155e74b2424294b8df251f211df052\">\n\n@media only screen and (min-width: 990px){ \n#top .av_textblock_section.av-mbi5d7db-0f155e74b2424294b8df251f211df052 .avia_textblock{\nfont-size:16px;\n}\n}\n<\/style>\n<section  class='av_textblock_section av-mbi5d7db-0f155e74b2424294b8df251f211df052'   itemscope=\"itemscope\" itemtype=\"https:\/\/schema.org\/CreativeWork\" ><div class='avia_textblock'  itemprop=\"text\" ><p>Altos de Chav\u00f3n es un destino cultural imperdible. Sus calles empedradas, inspiradas en los pueblos mediterr\u00e1neos del siglo XVI, fueron cuidadosamente dise\u00f1adas por artesanos de los estudios Paramount de Hollywood. Su encantadora arquitectura, con sus impresionantes vistas, crea un ambiente rom\u00e1ntico y art\u00edstico que atrae a visitantes de todo el mundo.<\/p>\n<p>Este pintoresco pueblo alberga la prestigiosa Escuela de Arte y Dise\u00f1o Altos de Chav\u00f3n, afiliada a la reconocida Escuela de Dise\u00f1o Parsons. Aqu\u00ed, los visitantes pueden admirar las obras de artistas emergentes y consagrados, disfrutar de galer\u00edas y presenciar espect\u00e1culos en vivo. El impresionante anfiteatro de estilo romano, con capacidad para m\u00e1s de 5000 espectadores, ha acogido a artistas de talla mundial como Frank Sinatra, Sting, Elton John, Julio Iglesias, Marc Anthony, Juan Luis Guerra y Michael Bubl\u00e9, entre otros, lo que lo convierte en un centro cultural de la regi\u00f3n.<\/p>\n<p>Para obtener m\u00e1s informaci\u00f3n, visite: <a href=\"https:\/\/www.altosdechavon.com\/\" target=\"_blank\" rel=\"noopener\" data-saferedirecturl=\"https:\/\/www.google.com\/url?q=https:\/\/www.altosdechavon.com&amp;source=gmail&amp;ust=1751032936176000&amp;usg=AOvVaw2SDcwhAeGZb6AQN13joiRW\">https:\/\/www.altosdechavon.com<\/a><\/p>\n<\/div><\/section><\/p><\/div>","protected":false},"excerpt":{"rendered":"","protected":false},"author":1,"featured_media":0,"parent":0,"menu_order":0,"comment_status":"closed","ping_status":"closed","template":"","meta":{"pagelayer_contact_templates":[],"_pagelayer_content":"","_themeisle_gutenberg_block_has_review":false,"footnotes":""},"class_list":["post-555","page","type-page","status-publish","hentry"],"_links":{"self":[{"href":"https:\/\/www.romanaairport.com\/es\/wp-json\/wp\/v2\/pages\/555","targetHints":{"allow":["GET"]}}],"collection":[{"href":"https:\/\/www.romanaairport.com\/es\/wp-json\/wp\/v2\/pages"}],"about":[{"href":"https:\/\/www.romanaairport.com\/es\/wp-json\/wp\/v2\/types\/page"}],"author":[{"embeddable":true,"href":"https:\/\/www.romanaairport.com\/es\/wp-json\/wp\/v2\/users\/1"}],"replies":[{"embeddable":true,"href":"https:\/\/www.romanaairport.com\/es\/wp-json\/wp\/v2\/comments?post=555"}],"version-history":[{"count":6,"href":"https:\/\/www.romanaairport.com\/es\/wp-json\/wp\/v2\/pages\/555\/revisions"}],"predecessor-version":[{"id":928,"href":"https:\/\/www.romanaairport.com\/es\/wp-json\/wp\/v2\/pages\/555\/revisions\/928"}],"wp:attachment":[{"href":"https:\/\/www.romanaairport.com\/es\/wp-json\/wp\/v2\/media?parent=555"}],"curies":[{"name":"wp","href":"https:\/\/api.w.org\/{rel}","templated":true}]}}

Altos de Chavón

<style type="text/css" data-created_by="avia_inline_auto" id="style-css-av-8sqfn-45415c4dc336449532f708ce2ff398e3">
#top .flex_column.av-8sqfn-45415c4dc336449532f708ce2ff398e3{
margin-top:0px;
margin-bottom:0px;
}
.flex_column.av-8sqfn-45415c4dc336449532f708ce2ff398e3{
border-radius:0px 0px 0px 0px;
padding:0px 0px 0px 0px;
}
.responsive #top #wrap_all .flex_column.av-8sqfn-45415c4dc336449532f708ce2ff398e3{
margin-top:0px;
margin-bottom:0px;
}
</style>
<div  class='flex_column av-8sqfn-45415c4dc336449532f708ce2ff398e3 av_one_full  avia-builder-el-0  avia-builder-el-no-sibling  first flex_column_div av-animated-generic bottom-to-top av-zero-column-padding'     ><p><div  class='avia-slideshow av-mc2ihedy-b54534d37f206de9703b9da483c84a07 avia-slideshow-featured_large av_slideshow avia-slide-slider  avia-builder-el-1  el_before_av_heading  avia-builder-el-first  av-slideshow-ui av-control-default av-slideshow-manual av-loop-once av-loop-manual-endless av-default-height-applied avia-slideshow-1' data-slideshow-options="{&quot;animation&quot;:&quot;slide&quot;,&quot;autoplay&quot;:false,&quot;loop_autoplay&quot;:&quot;once&quot;,&quot;interval&quot;:5,&quot;loop_manual&quot;:&quot;manual-endless&quot;,&quot;autoplay_stopper&quot;:false,&quot;noNavigation&quot;:false,&quot;bg_slider&quot;:false,&quot;keep_padding&quot;:false,&quot;hoverpause&quot;:false,&quot;show_slide_delay&quot;:0}"  itemprop="image" itemscope="itemscope" itemtype="https://schema.org/ImageObject" ><ul class='avia-slideshow-inner' style='padding-bottom: 42%;'><li  class='avia-slideshow-slide av-mc2ihedy-b54534d37f206de9703b9da483c84a07__0  slide-1 slide-odd'><div data-rel='slideshow-1' class='avia-slide-wrap'   ><img decoding="async" fetchpriority="high" class="wp-image-694 avia-img-lazy-loading-not-694"  src="https://www.romanaairport.com/wp-content/uploads/2025/06/Altos-de-Chavon-3-1500x630.jpg" width="1500" height="630" title='Altos de Chavon (3)' alt=''  itemprop="thumbnailUrl"   /></div></li><li  class='avia-slideshow-slide av-mc2ihedy-b54534d37f206de9703b9da483c84a07__1  slide-2 slide-even'><div data-rel='slideshow-1' class='avia-slide-wrap'   ><img decoding="async" fetchpriority="high" class="wp-image-692 avia-img-lazy-loading-not-692"  src="https://www.romanaairport.com/wp-content/uploads/2025/06/Altos-de-Chavon-1-1500x630.jpg" width="1500" height="630" title='Altos de Chavon (1)' alt=''  itemprop="thumbnailUrl"   /></div></li><li  class='avia-slideshow-slide av-mc2ihedy-b54534d37f206de9703b9da483c84a07__2  slide-3 slide-odd'><div data-rel='slideshow-1' class='avia-slide-wrap'   ><img decoding="async" fetchpriority="high" class="wp-image-693 avia-img-lazy-loading-not-693"  src="https://www.romanaairport.com/wp-content/uploads/2025/06/Altos-de-Chavon-2-1500x630.jpg" width="1500" height="630" title='OLYMPUS DIGITAL CAMERA' alt=''  itemprop="thumbnailUrl"   /></div></li></ul><div class='avia-slideshow-arrows avia-slideshow-controls' ><a href='#prev' class='prev-slide  avia-svg-icon avia-font-svg_entypo-fontello' data-av_svg_icon='left-open-big' data-av_iconset='svg_entypo-fontello' tabindex='-1' title="Previous"><svg version="1.1" xmlns="http://www.w3.org/2000/svg" width="15" height="32" viewbox="0 0 15 32" preserveaspectratio="xMidYMid meet" aria-labelledby='av-svg-title-1' aria-describedby='av-svg-desc-1' role="graphics-symbol" aria-hidden="true">
<title id='av-svg-title-1'>Previous</title>
<desc id='av-svg-desc-1'>Previous</desc>
<path d="M14.464 27.84q0.832 0.832 0 1.536-0.832 0.832-1.536 0l-12.544-12.608q-0.768-0.768 0-1.6l12.544-12.608q0.704-0.832 1.536 0 0.832 0.704 0 1.536l-11.456 11.904z"></path>
</svg><span class='avia_hidden_link_text'>Previous</span></a><a href='#next' class='next-slide  avia-svg-icon avia-font-svg_entypo-fontello' data-av_svg_icon='right-open-big' data-av_iconset='svg_entypo-fontello' tabindex='-1' title="Next"><svg version="1.1" xmlns="http://www.w3.org/2000/svg" width="15" height="32" viewbox="0 0 15 32" preserveaspectratio="xMidYMid meet" aria-labelledby='av-svg-title-2' aria-describedby='av-svg-desc-2' role="graphics-symbol" aria-hidden="true">
<title id='av-svg-title-2'>Next</title>
<desc id='av-svg-desc-2'>Next</desc>
<path d="M0.416 27.84l11.456-11.84-11.456-11.904q-0.832-0.832 0-1.536 0.832-0.832 1.536 0l12.544 12.608q0.768 0.832 0 1.6l-12.544 12.608q-0.704 0.832-1.536 0-0.832-0.704 0-1.536z"></path>
</svg><span class='avia_hidden_link_text'>Next</span></a></div><div class='avia-slideshow-dots avia-slideshow-controls'><a href='#1' class='goto-slide active' >1</a><a href='#2' class='goto-slide' >2</a><a href='#3' class='goto-slide' >3</a></div></div><br />

<style type="text/css" data-created_by="avia_inline_auto" id="style-css-av-mbi5c5he-7759457953b5a6dbd5cbe599e6df9649">
#top .av-special-heading.av-mbi5c5he-7759457953b5a6dbd5cbe599e6df9649{
padding-bottom:0;
}
body .av-special-heading.av-mbi5c5he-7759457953b5a6dbd5cbe599e6df9649 .av-special-heading-tag .heading-char{
font-size:25px;
}
.av-special-heading.av-mbi5c5he-7759457953b5a6dbd5cbe599e6df9649 .av-subheading{
font-size:15px;
}
</style>
<div  class='av-special-heading av-mbi5c5he-7759457953b5a6dbd5cbe599e6df9649 av-special-heading-h4 blockquote modern-quote  avia-builder-el-2  el_after_av_slideshow  el_before_av_textblock  av-thin-font'><h4 class='av-special-heading-tag'  itemprop="headline"  ><strong>ALTOS DE CHAVÓN</strong></h4><div class="special-heading-border"><div class="special-heading-inner-border"></div></div></div><br />

<style type="text/css" data-created_by="avia_inline_auto" id="style-css-av-mbi5d7db-0f155e74b2424294b8df251f211df052">

@media only screen and (min-width: 990px){ 
#top .av_textblock_section.av-mbi5d7db-0f155e74b2424294b8df251f211df052 .avia_textblock{
font-size:16px;
}
}
</style>
<section  class='av_textblock_section av-mbi5d7db-0f155e74b2424294b8df251f211df052'   itemscope="itemscope" itemtype="https://schema.org/CreativeWork" ><div class='avia_textblock'  itemprop="text" ><p>Altos de Chavón es un destino cultural imperdible. Sus calles empedradas, inspiradas en los pueblos mediterráneos del siglo XVI, fueron cuidadosamente diseñadas por artesanos de los estudios Paramount de Hollywood. Su encantadora arquitectura, con sus impresionantes vistas, crea un ambiente romántico y artístico que atrae a visitantes de todo el mundo.</p>
<p>Este pintoresco pueblo alberga la prestigiosa Escuela de Arte y Diseño Altos de Chavón, afiliada a la reconocida Escuela de Diseño Parsons. Aquí, los visitantes pueden admirar las obras de artistas emergentes y consagrados, disfrutar de galerías y presenciar espectáculos en vivo. El impresionante anfiteatro de estilo romano, con capacidad para más de 5000 espectadores, ha acogido a artistas de talla mundial como Frank Sinatra, Sting, Elton John, Julio Iglesias, Marc Anthony, Juan Luis Guerra y Michael Bublé, entre otros, lo que lo convierte en un centro cultural de la región.</p>
<p>Para obtener más información, visite: <a href="https://www.altosdechavon.com/" target="_blank" rel="noopener" data-saferedirecturl="https://www.google.com/url?q=https://www.altosdechavon.com&amp;source=gmail&amp;ust=1751032936176000&amp;usg=AOvVaw2SDcwhAeGZb6AQN13joiRW">https://www.altosdechavon.com</a></p>
</div></section></p></div>
